 11, 307
List the prime factors of 178285.
5, 181, 197
What are the prime factors of 3014534?
2, 53, 28439
List the prime factors of 482706.
2, 3, 7, 1277
What are the prime factors of 19349623?
557, 34739
List the prime factors of 2838217.
2838217
What are the prime factors of 779632?
2, 7, 6961
List the prime factors of 3100080.
2, 3, 5, 12917
List the prime factors of 11374120.
2, 5, 127, 2239
What are the prime factors of 173074?
2, 11, 7867
List the prime factors of 10049.
13, 773
List the prime factors of 10549994.
2, 7, 13
List the prime factors of 7290394.
2, 31, 59, 1993
What are the prime factors of 1673574?
2, 3, 7, 39847
List the prime factors of 151163.
151163
What are the prime factors of 12537969?
3, 73, 57251
What are the prime factors of 3260960?
2, 5, 89, 229
List the prime factors of 5031746.
2, 2515873
What are the prime factors of 4703637?
3, 691, 2269
What are the prime factors of 496223?
7, 13, 19, 41
What are the prime factors of 13081514?
2, 787, 8311
What are the prime factors of 1809340?
2, 5, 13, 6959
What are the prime factors of 1768277?
7, 252611
What are the prime factors of 384125?
5, 7, 439
List the prime factors of 129100.
2, 5, 1291
What are the prime factors of 212061?
3, 70687
What are the prime factors of 238549?
149, 1601
What are the prime factors of 943175?
5, 31, 1217
List the prime factors of 26969347.
26969347
List the prime factors of 26343.
3, 2927
List the prime factors of 1269816.
2, 3, 157, 337
What are the prime factors of 501938?
2, 250969
What are the prime factors of 6239141?
23, 61, 4447
What are the prime factors of 710238?
2, 3, 118373
What are the prime factors of 715901?
19, 41, 919
List the prime factors of 1266820.
2, 5, 97, 653
What are the prime factors of 3860801?
7, 551543
What are the prime factors of 9619791?
3, 3206597
What are the prime factors of 413671?
499, 829
List the prime factors of 71745.
3, 5, 4783
List the prime factors of 29051878.
2, 17, 854467
List the prime factors of 20122017.
3, 6707339
What are the prime factors of 298268?
2, 74567
List the prime factors of 3160949.
11, 113, 2543
List the prime factors of 1442426.
2, 721213
List the prime factors of 128474.
2, 64237
List the prime factors of 117795.
3, 5, 7853
List the prime factors of 1384148.
2, 53, 6529
What are the prime factors of 5714185?
5, 1142837
List the prime factors of 901772.
2, 151, 1493
List the prime factors of 13729857.
3, 43, 106433
List the prime factors of 76820.
2, 5, 23, 167
What are the prime factors of 2499517?
2499517
What are the prime factors of 290432?
2, 2269
List the prime factors of 338055.
3, 5, 31, 727
What are the prime factors of 153215?
5, 30643
What are the prime factors of 13778849?
7, 31, 47, 193
List the prime factors of 7417212.
2, 3, 11, 83, 677
What are the prime factors of 442617?
3, 7, 3011
List the prime factors of 38576.
2, 2411
What are the prime factors of 146264?
2, 47, 389
List the prime factors of 895253.
895253
What are the prime factors of 616997?
616997
List the prime factors of 15654211.
197, 229, 347
What are the prime factors of 1411441?
23, 109, 563
What are the prime factors of 534239?
487, 1097
What are the prime factors of 12078473?
11, 23, 47741
List the prime factors of 20484707.
31, 41, 71, 227
List the prime factors of 32297.
32297
What are the prime factors of 2437946?
2, 7, 24877
List the prime factors of 15643394.
2, 13, 601669
What are the prime factors of 4620426?
2, 3, 31, 24841
What are the prime factors of 544425?
3, 5, 7, 17, 61
What are the prime factors of 26886564?
2, 3, 67, 71, 157
List the prime factors of 31315235.
5, 7, 894721
List the prime factors of 104063.
19, 5477
What are the prime factors of 12933642?
2, 3, 19, 113453
What are the prime factors of 273691?
11, 139, 179
What are the prime factors of 7221240?
2, 3, 5, 13, 1543
What are the prime factors of 43370290?
2, 5, 37, 251, 467
List the prime factors of 373951.
373951
List the prime factors of 846333.
3, 271, 347
List the prime factors of 1880285.
5, 11, 17, 2011
What are the prime factors of 17244067?
29, 41, 14503
List the prime factors of 14526018.
2, 3, 13, 23, 2699
List the prime factors of 2867188.
2, 47, 101, 151
List the prime factors of 36353.
36353
What are the prime factors of 1699537?
7, 97, 2503
List the prime factors of 22229616.
2, 3, 151, 3067
What are the prime factors of 1014636?
2, 3, 7, 47, 257
What are the prime factors of 30595?
5, 29, 211
List the prime factors of 235199.
235199
What are the prime factors of 21332013?
3, 41, 173431
List the prime factors of 171175.
5, 41, 167
What are the prime factors of 6293320?
2, 5, 11, 14303
List the prime factors of 726113.
31, 59, 397
What are the prime factors of 395345?
5, 37, 2137
What are the prime factors of 1871081?
1871081
List the prime factors of 1782604.
2, 613, 727
What are the prime factors of 234288?
2, 3, 1627
List the prime factors of 257394.
2, 3, 42899
List the prime factors of 10254737.
19, 539723
List the prime factors of 145304.
2, 41, 443
What are the prime factors of 45711?
3, 1693
What are the prime factors of 17528297?
853, 20549
List the prime factors of 30553383.
3, 7, 31, 46933
What are the prime factors of 16259?
71, 229
List the prime factors of 1487840.
2, 5, 17, 547
List the prime factors of 1992036.
2, 3, 19, 8737
What are the prime factors of 185701?
233, 797
List the prime factors of 1382133.
3, 460711
List the prime factors of 4313616.
2, 3, 89867
What are the prime factors of 30228138?
2, 3, 89, 18869
What are the prime factors of 183921?
3, 101, 607
What are the prime factors of 153861?
3, 51287
List the prime factors of 4599752.
2, 574969
What are the prime factors of 543094?
2, 383, 709
What are the prime factors of 693464?
2, 17, 5099
What are the prime factors of 6036556?
2, 1019, 1481
List the prime factors of 583048.
2, 31, 2351
What are the prime factors of 3092696?
2, 386587
What are the prime factors of 6348682?
2, 37, 85793
List the prime factors of 5605158.
2, 3, 13, 71861
What are the prime factors of 1858191?
3, 619397
What are the prime factors of 373070?
2, 5, 37307
List the prime factors of 36076367.
36076367
What are the prime factors of 462424?
2, 57803
List the prime factors of 10877674.
2, 653, 8329
What are the prime factors of 3159076?
2, 17, 46457
What are the prime factors of 935511?
3, 29, 10753
List the prime factors of 280680.
2, 3, 5, 2339
List the prime factors of 26610068.
2, 193, 34469
List the prime factors of 1178750.
2, 5, 23, 41
List the prime factors of 20016222.
2, 3, 59, 56543
What are the prime factors of 650281?
650281
List the prime factors of 22684875.
3, 5, 60493
List the prime factors of 18727345.
5, 7, 13, 79, 521
List the prime factors of 1909460.
2, 5, 7, 23, 593
What are the prime factors of 3554525?
5, 13, 10937
What are the prime factors of 17304625?
5, 13, 23, 463
List the prime factors of 1598114.
2, 7, 211, 541
What are the prime factors of 21747?
3, 11, 659
List the prime factors of 21666512.
2, 7, 193451
What are the prime factors of 58969?
109, 541
What are the prime factors of 178784?
2, 37, 151
What are the prime factors of 11843288?
2, 17, 87083
List the prime factors of 1245322.
2, 13, 211, 227
What are the prime factors of 1743236?
2, 11, 39619
List the prime factors of 1590782.
2, 643, 1237
What are the prime factors of 1407620?
2, 5, 70381
List the prime factors of 1495584.
2, 3, 577
What are the prime factors of 154951?
23, 6737
List the prime factors of 25485557.
4703, 5419
List the prime factors of 282909.
3, 11, 8573
What are the prime factors of 255904?
2, 11, 727
List the prime factors of 411707.
411707
What are the prime factors of 2772692?
2, 13, 71, 751
List the prime factors of 343894.
2, 171947
List the prime factors of 1445586.
2, 3, 197, 1223
List the prime factors of 188217.
3, 6971
What are the prime factors of 799053?
3, 266351
What are the prime factors of 761604?
2, 3, 63467
What are the prime factors of 8358397?
8358397
List the prime factors of 4607008.
2, 7, 131, 157
List the prime factors of 145879.
145879
What are the prime factors of 5532123?
3, 17, 67, 1619
List the prime factors of 4981045.
5, 996209
What are the prime factors of 247275?
3, 5, 7, 157
What are the prime factors